) = 22*n**2 + 95*n - 9. Calculate j(-4).
-37
Let x(b) = 19*b - 922. What is x(49)?
9
Let m(z) = -z**2 + 9*z + 1235. Determine m(40).
-5
Let m(k) = -k**3 - 4*k**2 + 149*k + 100. Calculate m(-15).
340
Let j(m) = -m**3 + 9*m**2 + 65*m - 594. What is j(9)?
-9
Let d(q) = -258*q - 244. What is d(-1)?
14
Let i(r) = r**2 + r - 83. What is i(9)?
7
Let r(g) = -3*g**2 + 98*g + 5081. What is r(-28)?
-15
Let z(m) = 217*m + 2828. What is z(-13)?
7
Let j(k) = -89*k + 430. What is j(6)?
-104
Let a(k) = -134*k + 334. Determine a(3).
-68
Let w(v) = 30860*v + 61719. Calculate w(-2).
-1
Let s(h) = -2*h**2 - 20*h + 182. Calculate s(11).
-280
Let j(s) = s**3 + 6*s**2 - 20*s - 135. What is j(-6)?
-15
Let d(f) = 3*f**2 + 34*f - 381. What is d(7)?
4
Let o(h) = -29*h**2 - 39*h - 8. Calculate o(-1).
2
Let u(s) = 24*s - 5. What is u(-7)?
-173
Let d(f) = 3*f**2 - 21*f + 6. What is d(7)?
6
Let h(g) = -13*g**2 + 3*g - 1. Determine h(3).
-109
Let w(m) = m**3 + 22*m**2 + 9*m + 385. Determine w(-23).
-351
Let s(u) = 2*u**3 + 11*u**2 + 11*u + 6. What is s(-6)?
-96
Let k(c) = -c**2 + 69*c - 1059. Determine k(38).
119
Let r(c) = 7*c**2 + 148*c - 14. Give r(-17).
-507
Let j(s) = 1682*s - 1676. Calculate j(1).
6
Let d(y) = y**2 - 142*y - 284. Determine d(-2).
4
Let s(x) = x**3 + 6*x**2 + 24*x + 223. Determine s(-7).
6
Let j(r) = -2*r**3 + 8*r**2 + 4*r + 33. Calculate j(6).
-87
Let g(a) = 67*a - 5826. Give g(87).
3
Let h(i) = -2*i**2 + 55*i - 5. What is h(0)?
-5
Let y(i) = i**3 - 58*i**2 - 19*i + 1098. Determine y(58).
-4
Let z(d) = -d**2 - 25*d + 90. Determine z(-12).
246
Let o(g) = -18*g + 47. Determine o(6).
-61
Let d(z) = z**2 + 26*z - 18. Determine d(-7).
-151
Let z(v) = v**3 + 4*v**2 + 22*v + 200. What is z(-6)?
-4
Let g(i) = -5*i**3 - 179*i**2 + 4*i - 1150. Calculate g(-36).
2
Let p(t) = t**3 - 87*t**2 + 333*t - 63. Calculate p(83).
20
Let c(w) = w**2 + w - 13571. Calculate c(-117).
1
Let k(y) = -6*y**2 + 20*y + 45. Give k(-2).
-19
Let q(n) = 16*n**3 + 2*n**2 - 492*n - 493. What is q(-1)?
-15
Let n(u) = -8*u**3 + 9*u**2 - 7*u - 15. Give n(-1).
9
Let u(j) = -1819*j - 9093. Give u(-5).
2
Let b(w) = -97*w + 511. Determine b(1).
414
Let v(h) = -10*h - 286. What is v(-33)?
44
Let i(x) = -x**3 + 8*x**2 - 15. Give i(7).
34
Let m(t) = 2*t**2 - 39*t - 454. Give m(28).
22
Let n(h) = 2*h**3 - 329*h**2 - 161*h - 643. Give n(165).
17
Let r(x) = 1610*x + 8309. Give r(-5).
259
Let t(m) = 37*m - 528. Determine t(15).
27
Let a(j) = -j**3 - 6*j**2 + 35*j + 211. What is a(-6)?
1
Let y(u) = -u**3 - 14*u**2 + 77*u - 17. Give y(4).
3
Let f(l) = -68*l - 161. Calculate f(-8).
383
Let d(p) = -23*p - 823. Determine d(-36).
5
Let z(r) = -3*r + 69. Determine z(4).
57
Let i(p) = -22*p**3 + 1632*p**2 - 296*p - 10. What is i(74)?
-10
Let r(m) = m**3 - 36*m**2 - 160*m + 5765. Determine r(36).
5
Let d(m) = 192*m - 956. Calculate d(5).
4
Let d(n) = 102*n + 29. Determine d(2).
233
Let s(o) = 28*o - 764. Calculate s(28).
20
Let f(o) = -71*o**3 + o + 1. Determine f(-1).
71
Let f(u) = 4*u**2 - 209*u - 396. Determine f(56).
444
Let v(j) = j**2 + 46*j + 498. Calculate v(-20).
-22
Let k(y) = y**3 + 8*y**2 + 37*y + 185. Calculate k(-7).
-25
Let h(w) = w**3 - 38*w**2 + 105*w - 48. What is h(35)?
-48
Let l(j) = -j**3 - 7*j**2 + 4*j + 7. Give l(-2).
-21
Let f(a) = -2*a**2 - 21*a + 141. Calculate f(6).
-57
Let p(a) = -32*a**2 - 1088*a - 2. Give p(-34).
-2
Let c(h) = -148*h + 14. Determine c(3).
-430
Let k(h) = -2*h**3 - 15*h**2 + 77*h + 549. Determine k(-8).
-3
Let b(m) = -m**2 + 66*m - 1016. Determine b(25).
9
Let g(b) = -2*b**2 + 7*b + 84. Calculate g(-10).
-186
Let h(b) = 87*b**2 + 577*b + 312. Give h(-6).
-18
Let b(y) = -86*y + 115. Give b(10).
-745
Let q(z) = z**2 - 8881*z + 35505. What is q(4)?
-3
Let a(p) = 36*p + 57. Give a(7).
309
Let q(j) = j**3 + 8*j**2 - 39*j + 4. Give q(-12).
-104
Let c(u) = -147*u - 31440. Give c(-214).
18
Let q(y) = 37*y + 3335. Determine q(-90).
5
Let h(y) = -y**3 + 37*y**2 + 41*y + 131. Determine h(38).
245
Let k(u) = 3421*u + 20523. Calculate k(-6).
-3
Let f(n) = 5*n + 281. Calculate f(-60).
-19
Let t(a) = 20*a - 9. Determine t(1).
11
Let y(h) = -h**3 - 4*h**2 - 668*h - 1335. Give y(-2).
-7
Let w(h) = -3*h**2 + 66*h - 352. Give w(10).
8
Let r(z) = 5*z - 15. Determine r(23).
100
Let f(s) = -s**2 - 1699*s - 26923. Determine f(-16).
5
Let a(w) = -91*w - 449. Calculate a(-5).
6
Let n(s) = s**2 - 4*s - 1. Give n(2).
-5
Let g(q) = -2*q**2 + 35*q + 56. Give g(17).
73
Let c(r) = -251*r + 2417. What is c(10)?
-93
Let v(r) = -r**3 - 74*r**2 + 190*r + 2889. Give v(-76).
1
Let k(h) = 2*h**3 - 28*h**2 + 60*h + 8. What is k(10)?
-192
Let q(i) = -i**2 - 26*i + 187. What is q(9)?
-128
Let g(h) = 15*h**3 + 6*h**2 - 13*h - 18. Determine g(-1).
-14
Let l(x) = -52*x - 504. What is l(-11)?
68
Let n(o) = o**3 - 198*o**2 + 3409*o - 1423. Calculate n(179).
9
Let u(b) = -94*b**2 + 7235*b + 239. What is u(77)?
8
Let p(l) = -27*l + 88. Determine p(4).
-20
Let v(k) = 21*k + 1326. Give v(-67).
-81
Let j(k) = -4964*k - 24821. Calculate j(-5).
-1
Let b(u) = 2*u**2 - 3*u + 66. Calculate b(12).
318
Let j(w) = 2*w**3 - 12*w**2 + 12*w - 5. Give j(5).
5
Let w(t) = -t**2 + 929*t + 6563. Determine w(-7).
11
Let d(j) = 71*j - 643. Give d(9).
-4
Let b(t) = 108*t**2 - 7*t + 10. Calculate b(2).
428
Let o(z) = 4*z**2 - 12*z + 14. Calculate o(2).
6
Let n(z) = 2*z**2 + 43*z + 143. Give n(-4).
3
Let v(g) = 3*g**2 - 90*g + 217. Determine v(27).
-26
Let p(v) = 196*v**3 + 3*v**2 - 7*v - 10. What is p(-1)?
-196
Let b(h) = -7*h**2 - 11*h - 4. Determine b(-3).
-34
Let t(c) = -264*c + 1834. What is t(7)?
-14
Let t(z) = 40*z**2 - 235*z - 35. Give t(6).
-5
Let q(n) = n**3 + n - 4. Give q(3).
26
Let k(c) = -c**3 + 6*c**2 + 2*c - 20. What is k(7)?
-55
Let p(f) = -3*f**2 - 84*f - 342. Calculate p(-23).
3
Let h(g) = 11*g**2 - 8*g + 71. What is h(3)?
146
Let r(x) = -3*x**3 + 671*x**2 - 454*x + 1771. Calculate r(223).
-13
Let n(v) = 3*v**3 - 5*v**2 - 3*v - 61. Determine n(6).
389
Let j(y) = -112*y**2 - 670*y + 30. What is j(-6)?
18
Let w(u) = 68*u - 1162. Determine w(17).
-6
Let l(k) = -k**3 - k**2 + 9*k + 246. Give l(0).
246
Let z(r) = -22*r**2 - 1621*r + 1621. Determine z(1).
-22
Let o(y) = -17*y**2 - 6*y - 12. Determine o(-2).
-68
Let y(v) = -v**2 - 20*v + 245. Calculate y(9).
-16
Let d(w) = -28*w**3 + 2*w**2 + 13*w + 12. Determine d(-1).
29
Let i(o) = 59*o + 242. What is i(-4)?
6
Let h(z) = z**2 + 13*z + 40. Calculate h(-14).
54
Let z(r) = r**3 + 28*r**2 - 4*r - 90. Give z(-28).
22
Let h(o) = -489*o + 76. Calculate h(2).
-902
Let m(o) = -4*o**3 - 5*o**2 + 8*o - 7. Determine m(-4).
137
Let h(t) = 2*t**3 - 24*t**2 - 3*t + 34. Calculate h(12).
-2
Let t(a) = a**3 - 42*a**2 + 93*a + 171. Give t(39).
-765
Let r(y) = 46*y**2 - 59*y + 129. What is r(3)?
366
Let u(b) = -2*b**3 + 345*b**2 - 13978*b + 191. Give u(65).
-4
Let l(p) = -p**3 + 26*p**2 - 35*p + 257. Give l(25).
7
Let o(l) = l**2 - 299*l - 1519. Give o(304).
1
Let k(f) = f**3 - 9*f**2 - 9*f + 73. Calculate k(9).
-8
Let k(q) = 42*q**2 - 346*q + 28. Calculate k(8).
-52
Let f(c) = c**3 + 4*c**2 - 134*c + 10. Calculate f(-12).
466
Let a(g) = 142*g - 15. Calculate a(2).
269
Let q(m) = 102*m + 3160. Calculate q(-31).
-2
Let d(k) = -2*k**2 + 168*k + 2266. What is d(95)?
176
Let j(r) = 13*r**3 - 2*r**2 - 11*r + 42. Determine j(2).
116
Let j(a) = -37*a**2 + 230*a - 4. Calculate j(6).
44
Let u(c) = 47*c**2 + 190*c - 191. Give u(1).
46
Let q(l) = l**2 - 81*l - 153. Determine q(83).
13
Let r(a) = -a**2 - 175*a + 1056. Give r(6).
-30
Let x(z) = -484*z - 382. What is x(-1)?
102
Let w(j) = j**3 + 23*j**2 - 22*j + 23. Give w(-24).
-25
Let v(b) = b**3 + 3*b**2 - 120*b + 12. What is v(10)?
112
Let u(d) = -d**2 - 118*d - 1466. What is u(-14)?
-10
Let m(v) = 13*v**2 + 26*v - 39. What is m(-3)?
0
Let u(j) = -j**3 + 25*j**2 - 52*j - 43. Give u(21).
629
Let l(a) = -212*a - 2598. Calculate l(-12).
-54
Let w(i) = -20*i - 345. Give w(-18).
15
Let l(y) = -y**3 + 2*y**2 + 8*y + 2. Give l(-3).
23
Let v(a) = -a**3 - 24*a**2 + 10*a + 50. Determine v(-24).
-190
Let z(j) = -15*j**3 + 6*j**2 + 9*j - 7. Give z(1).
-7
Let l(z) = -14*z**2 - 9*z + 36. What is l(3)?
-117
Let s(y) = -308*y - 6812. Give s(-22).
-36
Let r(x) = 4*x**3 + 52*x**2 - 6*x - 70. Determine r(-13).
8
Let q(l) = -6*l**2 - 32*l + 15. What is q(-6)?
-9
Let 